{"id":456,"date":"2022-02-07T12:35:21","date_gmt":"2022-02-07T11:35:21","guid":{"rendered":"https:\/\/www.bcd.bzh\/becedia\/bretagne-1972\/?page_id=456"},"modified":"2022-10-14T13:46:00","modified_gmt":"2022-10-14T11:46:00","slug":"bibliographie-de-1972","status":"publish","type":"page","link":"http:\/\/www.bcd.bzh\/becedia\/bretagne-1972\/bibliographie-de-1972\/","title":{"rendered":"Bibliographie"},"content":{"rendered":"\n<p class=\"has-text-align-right\">Image d&#8217;illustration : Jacques Gourmelen<\/p>\n\n\n\n<h3 class=\"wp-block-heading\" id=\"1972-en-bretagne\">1972 en Bretagne<\/h3>\n\n\n\n<p><\/p>\n\n\n\n<p>Capdevielle Jacques, Dupoirier \u00c9lisabeth, Lorant Guy, <em>La gr\u00e8ve du Joint fran\u00e7ais<\/em>, FNSP&nbsp;\/ Armand Colin, 1975.<br><br>Collectif, <em>FLB 72, proc\u00e8s de la Bretagne<\/em>, \u00e9dition Kelenn, 1972.<br><br>Kernalegenn Tudi, \u00ab&nbsp;<a href=\"https:\/\/www.bcd.bzh\/becedia\/bretagne-1972\/societe\/1972-le-reveil-de-la-bretagne\/\" target=\"_blank\" rel=\"noreferrer noopener\">1972 Le r\u00e9veil de la Bretagne<\/a>&nbsp;\u00bb, <em>ArMen<\/em> n\u00b0191, novembre-d\u00e9cembre 2012.<br><br>Kernalegenn Tudi, \u00ab&nbsp;<a href=\"https:\/\/www.researchgate.net\/publication\/292152468_L%27inscription_spatiale_d%27une_greve_ouvriere_en_Bretagne_Le_Joint_francais_Saint-Brieuc_1972\" target=\"_blank\" rel=\"noreferrer noopener\">L\u2019inscription spatiale d\u2019une gr\u00e8ve ouvri\u00e8re en Bretagne&nbsp;: le Joint fran\u00e7ais, Saint-Brieuc, 1972<\/a>&nbsp;\u00bb, <em>in<\/em> Combes H\u00e9l\u00e8ne, Garibay David, Goirand Camille dir., <em>Les lieux de la col\u00e8re. Occuper l\u2019espace pour contester, de Madrid \u00e0 Sanaa<\/em>, Karthala, 2016, p. 95-118<br><br>Le Dantec Jean-Pierre,<em> Bretagne&nbsp;: Re-naissance d\u2019un peuple<\/em>, Gallimard, 1974.<br><br>Lynch \u00c9douard, \u00ab&nbsp;<a href=\"https:\/\/www.cairn.info\/revue-politix-2013-3-page-99.htm\" target=\"_blank\" rel=\"noreferrer noopener\">D\u00e9truire pour exister&nbsp;: les gr\u00e8ves du lait en France (1964, 1972 et 2009)<\/a>&nbsp;\u00bb, <em>Politix<\/em>, n\u00b0 103, 2013, p. 99-124<br><br>Phlipponneau Michel, <em><a href=\"http:\/\/bibliotheque.idbe-bzh.org\/data\/cle_173\/au__joint__franaais__les__ouvriers__bretons.pdf\" target=\"_blank\" rel=\"noreferrer noopener\">Au Joint fran\u00e7ais, les ouvriers bretons&#8230;<\/a><\/em>, Presses Universitaires de Bretagne, 1972<br><br>Sainclivier Jacqueline, \u00ab&nbsp;<a href=\"https:\/\/books.openedition.org\/pur\/125073?lang=fr\" target=\"_blank\" rel=\"noreferrer noopener\">Contestation politique et sociale autour de la \u201cgr\u00e8ve du lait\u201d (1971-1974)<\/a>&nbsp;\u00bb, <em>in<\/em> Richard Gilles, Sainclivier Jacqueline dir., <em>Les partis \u00e0 l\u2019\u00e9preuve de 68. L\u2019\u00e9mergence de nouveaux clivages, 1971-1974,<\/em> Presses Universitaires de Rennes<em>, 2012<\/em><\/p>\n\n\n\n<figure class=\"wp-block-gallery has-nested-images columns-default is-cropped wp-block-gallery-1 is-layout-flex wp-block-gallery-is-layout-flex\">\n<figure class=\"wp-block-image size-full\"><img loading=\"lazy\" decoding=\"async\" width=\"323\" height=\"500\" data-id=\"588\" src=\"https:\/\/www.bcd.bzh\/becedia\/bretagne-1972\/wp-content\/uploads\/2022\/02\/Joint-francais-1.jpg\" alt=\"\" class=\"wp-image-588\" srcset=\"http:\/\/www.bcd.bzh\/becedia\/bretagne-1972\/wp-content\/uploads\/2022\/02\/Joint-francais-1.jpg 323w, http:\/\/www.bcd.bzh\/becedia\/bretagne-1972\/wp-content\/uploads\/2022\/02\/Joint-francais-1-194x300.jpg 194w\" sizes=\"auto, (max-width: 323px) 100vw, 323px\" \/><\/figure>\n\n\n\n<figure class=\"wp-block-image size-full\"><img loading=\"lazy\" decoding=\"async\" width=\"680\" height=\"1024\" data-id=\"578\" src=\"https:\/\/www.bcd.bzh\/becedia\/bretagne-1972\/wp-content\/uploads\/2022\/02\/2012_XDP2088-1-680x1024.jpg\" alt=\"\" class=\"wp-image-578\" srcset=\"http:\/\/www.bcd.bzh\/becedia\/bretagne-1972\/wp-content\/uploads\/2022\/02\/2012_XDP2088-1-680x1024.jpg 680w, http:\/\/www.bcd.bzh\/becedia\/bretagne-1972\/wp-content\/uploads\/2022\/02\/2012_XDP2088-1-199x300.jpg 199w, http:\/\/www.bcd.bzh\/becedia\/bretagne-1972\/wp-content\/uploads\/2022\/02\/2012_XDP2088-1-768x1156.jpg 768w, http:\/\/www.bcd.bzh\/becedia\/bretagne-1972\/wp-content\/uploads\/2022\/02\/2012_XDP2088-1-1020x1536.jpg 1020w, http:\/\/www.bcd.bzh\/becedia\/bretagne-1972\/wp-content\/uploads\/2022\/02\/2012_XDP2088-1-1361x2048.jpg 1361w, http:\/\/www.bcd.bzh\/becedia\/bretagne-1972\/wp-content\/uploads\/2022\/02\/2012_XDP2088-1-1568x2360.jpg 1568w, http:\/\/www.bcd.bzh\/becedia\/bretagne-1972\/wp-content\/uploads\/2022\/02\/2012_XDP2088-1-scaled.jpg 1701w\" sizes=\"auto, (max-width: 680px) 100vw, 680px\" \/><\/figure>\n\n\n\n<figure class=\"wp-block-image size-full\"><img loading=\"lazy\" decoding=\"async\" width=\"347\" height=\"539\" data-id=\"580\" src=\"https:\/\/www.bcd.bzh\/becedia\/bretagne-1972\/wp-content\/uploads\/2022\/02\/M_Phlipponneau.jpg\" alt=\"\" class=\"wp-image-580\" srcset=\"http:\/\/www.bcd.bzh\/becedia\/bretagne-1972\/wp-content\/uploads\/2022\/02\/M_Phlipponneau.jpg 347w, http:\/\/www.bcd.bzh\/becedia\/bretagne-1972\/wp-content\/uploads\/2022\/02\/M_Phlipponneau-193x300.jpg 193w\" sizes=\"auto, (max-width: 347px) 100vw, 347px\" \/><\/figure>\n\n\n\n<figure class=\"wp-block-image size-full\"><img loading=\"lazy\" decoding=\"async\" width=\"622\" height=\"1024\" data-id=\"579\" src=\"https:\/\/www.bcd.bzh\/becedia\/bretagne-1972\/wp-content\/uploads\/2022\/02\/BretagneRenaissance-622x1024.jpg\" alt=\"\" class=\"wp-image-579\" srcset=\"http:\/\/www.bcd.bzh\/becedia\/bretagne-1972\/wp-content\/uploads\/2022\/02\/BretagneRenaissance-622x1024.jpg 622w, http:\/\/www.bcd.bzh\/becedia\/bretagne-1972\/wp-content\/uploads\/2022\/02\/BretagneRenaissance-182x300.jpg 182w, http:\/\/www.bcd.bzh\/becedia\/bretagne-1972\/wp-content\/uploads\/2022\/02\/BretagneRenaissance-768x1264.jpg 768w, http:\/\/www.bcd.bzh\/becedia\/bretagne-1972\/wp-content\/uploads\/2022\/02\/BretagneRenaissance-933x1536.jpg 933w, http:\/\/www.bcd.bzh\/becedia\/bretagne-1972\/wp-content\/uploads\/2022\/02\/BretagneRenaissance-1244x2048.jpg 1244w, http:\/\/www.bcd.bzh\/becedia\/bretagne-1972\/wp-content\/uploads\/2022\/02\/BretagneRenaissance.jpg 1300w\" sizes=\"auto, (max-width: 622px) 100vw, 622px\" \/><\/figure>\n<\/figure>\n\n\n\n<h3 class=\"wp-block-heading\" id=\"les-annees-1970-en-bretagne\">Les ann\u00e9es 1970 en Bretagne<\/h3>\n\n\n\n<p>Bougeard Christian, <em><a href=\"https:\/\/www.pur-editions.fr\/product\/ean\/9782753556904\/les-annees-68-en-bretagne\" target=\"_blank\" rel=\"noreferrer noopener\">Les ann\u00e9es 68 en Bretagne. Les mutations d\u2019une soci\u00e9t\u00e9 (1962-1981)<\/a><\/em>, PUR, 2017<br><br>Bougeard Christian, Porhel Vincent, Richard Gilles, Sainclivier Jacqueline dir., <em><a href=\"https:\/\/books.openedition.org\/pur\/129924?lang=fr\" target=\"_blank\" rel=\"noreferrer noopener\">L\u2019Ouest dans les ann\u00e9es 68<\/a><\/em>, PUR, 2012<br><br>Chartier Erwan et Cabon Alain,<em> Le Dossier FLB &#8211; Plong\u00e9e chez les clandestins bretons<\/em>, \u00c9ditions Coop Breizh, 2006.<br><br>Collectif \u00ab&nbsp;\u00c0 l\u2019Ouest&nbsp;\u00bb, <em>Quand Rennes proteste. Mobilisations et trajectoires de militantes et militants des ann\u00e9es&nbsp;1968<\/em>, PUR, 2022.<br><br>Henry Lionel et Lagadec Annick, <em><a href=\"https:\/\/www.yoran-embanner.com\/politique\/49-flb-arb.html\" target=\"_blank\" rel=\"noreferrer noopener\">FLB-ARB&nbsp;: L&#8217;Histoire 1966-2005<\/a><\/em>, Yoran Embanner, 2006<br><br>Kernalegenn Tudi, <em><a href=\"https:\/\/www.editions-apogee.com\/bretagne\/147-drapeaux-rouges-et-gwenn-ha-du.html\" target=\"_blank\" rel=\"noreferrer noopener\">Drapeaux rouges et gwenn-ha-du. L\u2019extr\u00eame gauche et la Bretagne dans les ann\u00e9es 1970<\/a><\/em>, Apog\u00e9e, 2005<br><br>Kernalegenn Tudi, <em><a href=\"https:\/\/www.yoran-embanner.com\/politique\/59-luttes-ecologistes-dans-le-finistere-1967-1981.html\" target=\"_blank\" rel=\"noreferrer noopener\">Luttes \u00e9cologistes dans le Finist\u00e8re. Les chemins bretons de l\u2019\u00e9cologie (1967-1981)<\/a><\/em>, Yoran embanner, 2006<br><br>Porhel Vincent, <em><a href=\"https:\/\/books.openedition.org\/pur\/3445\" target=\"_blank\" rel=\"noreferrer noopener\">Ouvriers bretons&nbsp;: Conflits d\u2019usines, conflits identitaires en Bretagne dans les ann\u00e9es 1968<\/a><\/em>, PUR, 2008<br><br>Porhel Vincent, \u00ab&nbsp;<a href=\"https:\/\/journals.openedition.org\/abpo\/434\" target=\"_blank\" rel=\"noreferrer noopener\">Les femmes et l\u2019usine en Bretagne dans les ann\u00e9es 1968&nbsp;: une approche transversale au fil de trois situations d\u2019usine (1968-1974)<\/a>&nbsp;\u00bb, <em>Annales de Bretagne et des Pays de l\u2019Ouest<\/em>, 114(3), p. 2007, p. 143-157<\/p>\n\n\n\n<figure class=\"wp-block-gallery has-nested-images columns-default is-cropped wp-block-gallery-2 is-layout-flex wp-block-gallery-is-layout-flex\">\n<figure class=\"wp-block-image size-large\"><img loading=\"lazy\" decoding=\"async\" width=\"300\" height=\"381\" data-id=\"581\" src=\"https:\/\/www.bcd.bzh\/becedia\/bretagne-1972\/wp-content\/uploads\/2022\/02\/Bougeard.jpg\" alt=\"\" class=\"wp-image-581\" srcset=\"http:\/\/www.bcd.bzh\/becedia\/bretagne-1972\/wp-content\/uploads\/2022\/02\/Bougeard.jpg 300w, http:\/\/www.bcd.bzh\/becedia\/bretagne-1972\/wp-content\/uploads\/2022\/02\/Bougeard-236x300.jpg 236w\" sizes=\"auto, (max-width: 300px) 100vw, 300px\" \/><\/figure>\n\n\n\n<figure class=\"wp-block-image size-large\"><img loading=\"lazy\" decoding=\"async\" width=\"310\" height=\"480\" data-id=\"582\" src=\"https:\/\/www.bcd.bzh\/becedia\/bretagne-1972\/wp-content\/uploads\/2022\/02\/L_Ouest_dans_les_annees_68.jpg\" alt=\"\" class=\"wp-image-582\" srcset=\"http:\/\/www.bcd.bzh\/becedia\/bretagne-1972\/wp-content\/uploads\/2022\/02\/L_Ouest_dans_les_annees_68.jpg 310w, http:\/\/www.bcd.bzh\/becedia\/bretagne-1972\/wp-content\/uploads\/2022\/02\/L_Ouest_dans_les_annees_68-194x300.jpg 194w\" sizes=\"auto, (max-width: 310px) 100vw, 310px\" \/><\/figure>\n\n\n\n<figure class=\"wp-block-image size-large\"><img loading=\"lazy\" decoding=\"async\" width=\"405\" height=\"600\" data-id=\"583\" src=\"https:\/\/www.bcd.bzh\/becedia\/bretagne-1972\/wp-content\/uploads\/2022\/02\/flb-arb.jpg\" alt=\"\" class=\"wp-image-583\" srcset=\"http:\/\/www.bcd.bzh\/becedia\/bretagne-1972\/wp-content\/uploads\/2022\/02\/flb-arb.jpg 405w, http:\/\/www.bcd.bzh\/becedia\/bretagne-1972\/wp-content\/uploads\/2022\/02\/flb-arb-203x300.jpg 203w\" sizes=\"auto, (max-width: 405px) 100vw, 405px\" \/><\/figure>\n\n\n\n<figure class=\"wp-block-image size-large\"><img loading=\"lazy\" decoding=\"async\" width=\"536\" height=\"800\" data-id=\"584\" src=\"https:\/\/www.bcd.bzh\/becedia\/bretagne-1972\/wp-content\/uploads\/2022\/02\/drapeaux-rouges-et-gwenn-ha-du-1.jpg\" alt=\"\" class=\"wp-image-584\" srcset=\"http:\/\/www.bcd.bzh\/becedia\/bretagne-1972\/wp-content\/uploads\/2022\/02\/drapeaux-rouges-et-gwenn-ha-du-1.jpg 536w, http:\/\/www.bcd.bzh\/becedia\/bretagne-1972\/wp-content\/uploads\/2022\/02\/drapeaux-rouges-et-gwenn-ha-du-1-201x300.jpg 201w\" sizes=\"auto, (max-width: 536px) 100vw, 536px\" \/><\/figure>\n\n\n\n<figure class=\"wp-block-image size-large\"><img loading=\"lazy\" decoding=\"async\" width=\"310\" height=\"480\" data-id=\"585\" src=\"https:\/\/www.bcd.bzh\/becedia\/bretagne-1972\/wp-content\/uploads\/2022\/02\/Ouvriers_bretons_Conflites_d_usines-2.png\" alt=\"\" class=\"wp-image-585\" srcset=\"http:\/\/www.bcd.bzh\/becedia\/bretagne-1972\/wp-content\/uploads\/2022\/02\/Ouvriers_bretons_Conflites_d_usines-2.png 310w, http:\/\/www.bcd.bzh\/becedia\/bretagne-1972\/wp-content\/uploads\/2022\/02\/Ouvriers_bretons_Conflites_d_usines-2-194x300.png 194w\" sizes=\"auto, (max-width: 310px) 100vw, 310px\" \/><\/figure>\n<\/figure>\n\n\n\n<h2 class=\"wp-block-heading\" id=\"filmographie\">Filmographie<\/h2>\n\n\n\n<p>B\u00e9asse Hubert, <em><a href=\"https:\/\/www.cinematheque-bretagne.bzh\/base-documentaire-flb-les-ann%C3%A9es-de-gaulle-les-ann%C3%A9es-giscard-426-26876-0-469.html?\" target=\"_blank\" rel=\"noreferrer noopener\">Les ann\u00e9es FLB<\/a><\/em>, Vivement lundi ! \/ France T\u00e9l\u00e9vision<em>, <\/em>2013<br><br>Cordier Christophe, <em><a href=\"http:\/\/www.bed.bzh\/fr\/films\/freres-de-classe\/\" target=\"_blank\" rel=\"noreferrer noopener\">Fr\u00e8res de classe<\/a><\/em>, Yumi Productions, 2004<br><br>Herry Mathieu, Michon Roland,<em> <a href=\"http:\/\/www.bed.bzh\/fr\/films\/hentou-70\/\" target=\"_blank\" rel=\"noreferrer noopener\">Hento\u00f9 70<\/a><\/em>, Kalanna Production, France 3 Ouest, 2011<br><br>Le Tacon Jean-Louis, <em><a href=\"https:\/\/www.cinematheque-bretagne.bzh\/base-documentaire-nous-irons-jusqu-au-bout-%7Bkaolins-de-pl%C3%A9met%7D-426-647-0-1.html?\" target=\"_blank\" rel=\"noreferrer noopener\">Nous irons jusqu\u2019au bout, la gr\u00e8ve des Kaolins de Pl\u00e9met<\/a><\/em>, Torr e Benn, 1973<br><br>Le Tacon Jean-Louis, <em><a href=\"https:\/\/www.cinematheque-bretagne.bzh\/base-documentaire-voici-la-col%C3%A8re-bretonne-la-gr%C3%A8ve-du-joint-fran%C3%A7ais-426-648-0-1.html?\" target=\"_blank\" rel=\"noreferrer noopener\">Voici la col\u00e8re bretonne&nbsp;: la gr\u00e8ve du Joint fran\u00e7ais<\/a><\/em>, Torr e benn, 1972<br><br>Nathan Ariel,<em> <a href=\"http:\/\/www.bed.bzh\/fr\/films\/le-mai-breton-du-joint-francais\/\" target=\"_blank\" rel=\"noreferrer noopener\">Le mai breton du Joint fran\u00e7ais<\/a><\/em>, Aligal Production, France 3 Ouest, 2002<br><br>Simonet Anne, Bailbl\u00e9 Claude, Chapouilli\u00e9 Guy, <em><a href=\"https:\/\/www.cinematheque-bretagne.bzh\/base-documentaire-guerre-du-lait-la-426-372-0-1.html?\" target=\"_blank\" rel=\"noreferrer noopener\">La Guerre du lait<\/a><\/em>, Groupe de r\u00e9alisation Front paysan, 1972<\/p>\n\n\n\n<div class=\"wp-block-columns is-layout-flex wp-container-core-columns-is-layout-9d6595d7 wp-block-columns-is-layout-flex\">\n<div class=\"wp-block-column is-layout-flow wp-block-column-is-layout-flow\">\n<figure class=\"wp-block-image size-full is-resized\"><img loading=\"lazy\" decoding=\"async\" src=\"http:\/\/www.bcd.bzh\/becedia\/bretagne-1972\/wp-content\/uploads\/2022\/02\/les_annees_flb-2.jpg\" alt=\"\" class=\"wp-image-606\" width=\"202\" height=\"272\" srcset=\"http:\/\/www.bcd.bzh\/becedia\/bretagne-1972\/wp-content\/uploads\/2022\/02\/les_annees_flb-2.jpg 372w, http:\/\/www.bcd.bzh\/becedia\/bretagne-1972\/wp-content\/uploads\/2022\/02\/les_annees_flb-2-223x300.jpg 223w\" sizes=\"auto, (max-width: 202px) 100vw, 202px\" \/><\/figure>\n<\/div>\n\n\n\n<div class=\"wp-block-column is-layout-flow wp-block-column-is-layout-flow\">\n<figure class=\"wp-block-image size-full is-resized\"><img loading=\"lazy\" decoding=\"async\" src=\"http:\/\/www.bcd.bzh\/becedia\/bretagne-1972\/wp-content\/uploads\/2022\/02\/freres_de_classe_affiche-958-2.jpg\" alt=\"\" class=\"wp-image-611\" width=\"187\" height=\"269\"\/><\/figure>\n<\/div>\n<\/div>\n","protected":false},"excerpt":{"rendered":"<p>Image d&#8217;illustration : Jacques Gourmelen 1972 en Bretagne Capdevielle Jacques, Dupoirier \u00c9lisabeth, Lorant Guy, La gr\u00e8ve du Joint fran\u00e7ais, FNSP&nbsp;\/ Armand Colin, 1975. Collectif, FLB 72, proc\u00e8s de la Bretagne, \u00e9dition Kelenn, 1972. Kernalegenn Tudi, \u00ab&nbsp;1972 Le r\u00e9veil de la Bretagne&nbsp;\u00bb, ArMen n\u00b0191, novembre-d\u00e9cembre 2012. Kernalegenn Tudi, \u00ab&nbsp;L\u2019inscription spatiale d\u2019une gr\u00e8ve ouvri\u00e8re en Bretagne&nbsp;: le&hellip; <a class=\"more-link\" href=\"http:\/\/www.bcd.bzh\/becedia\/bretagne-1972\/bibliographie-de-1972\/\">Poursuivre la lecture <span class=\"screen-reader-text\">Bibliographie<\/span><\/a><\/p>\n","protected":false},"author":6,"featured_media":1038,"parent":0,"menu_order":0,"comment_status":"closed","ping_status":"closed","template":"","meta":{"inline_featured_image":false,"footnotes":""},"class_list":["post-456","page","type-page","status-publish","has-post-thumbnail","hentry","entry"],"acf":[],"yoast_head":"<!-- This site is optimized with the Yoast SEO plugin v27.5 - https:\/\/yoast.com\/product\/yoast-seo-wordpress\/ -->\n<title>Bibliographie - La Bretagne en 1972<\/title>\n<meta name=\"robots\" content=\"index, follow, max-snippet:-1, max-image-preview:large, max-video-preview:-1\" \/>\n<link rel=\"canonical\" href=\"http:\/\/www.bcd.bzh\/becedia\/bretagne-1972\/bibliographie-de-1972\/\" \/>\n<meta property=\"og:locale\" content=\"fr_FR\" \/>\n<meta property=\"og:type\" content=\"article\" \/>\n<meta property=\"og:title\" content=\"Bibliographie - La Bretagne en 1972\" \/>\n<meta property=\"og:description\" content=\"Image d&#8217;illustration : Jacques Gourmelen 1972 en Bretagne Capdevielle Jacques, Dupoirier \u00c9lisabeth, Lorant Guy, La gr\u00e8ve du Joint fran\u00e7ais, FNSP&nbsp;\/ Armand Colin, 1975. Collectif, FLB 72, proc\u00e8s de la Bretagne, \u00e9dition Kelenn, 1972. Kernalegenn Tudi, \u00ab&nbsp;1972 Le r\u00e9veil de la Bretagne&nbsp;\u00bb, ArMen n\u00b0191, novembre-d\u00e9cembre 2012. Kernalegenn Tudi, \u00ab&nbsp;L\u2019inscription spatiale d\u2019une gr\u00e8ve ouvri\u00e8re en Bretagne&nbsp;: le&hellip; Poursuivre la lecture Bibliographie\" \/>\n<meta property=\"og:url\" content=\"http:\/\/www.bcd.bzh\/becedia\/bretagne-1972\/bibliographie-de-1972\/\" \/>\n<meta property=\"og:site_name\" content=\"La Bretagne en 1972\" \/>\n<meta property=\"article:modified_time\" content=\"2022-10-14T11:46:00+00:00\" \/>\n<meta property=\"og:image\" content=\"http:\/\/www.bcd.bzh\/becedia\/bretagne-1972\/wp-content\/uploads\/2022\/02\/bretagne_1972.jpg\" \/>\n\t<meta property=\"og:image:width\" content=\"1354\" \/>\n\t<meta property=\"og:image:height\" content=\"700\" \/>\n\t<meta property=\"og:image:type\" content=\"image\/jpeg\" \/>\n<meta name=\"twitter:card\" content=\"summary_large_image\" \/>\n<meta name=\"twitter:label1\" content=\"Dur\u00e9e de lecture estim\u00e9e\" \/>\n\t<meta name=\"twitter:data1\" content=\"5 minutes\" \/>\n<script type=\"application\/ld+json\" class=\"yoast-schema-graph\">{\"@context\":\"https:\\\/\\\/schema.org\",\"@graph\":[{\"@type\":\"WebPage\",\"@id\":\"http:\\\/\\\/www.bcd.bzh\\\/becedia\\\/bretagne-1972\\\/bibliographie-de-1972\\\/\",\"url\":\"http:\\\/\\\/www.bcd.bzh\\\/becedia\\\/bretagne-1972\\\/bibliographie-de-1972\\\/\",\"name\":\"Bibliographie - La Bretagne en 1972\",\"isPartOf\":{\"@id\":\"\\\/#website\"},\"primaryImageOfPage\":{\"@id\":\"http:\\\/\\\/www.bcd.bzh\\\/becedia\\\/bretagne-1972\\\/bibliographie-de-1972\\\/#primaryimage\"},\"image\":{\"@id\":\"http:\\\/\\\/www.bcd.bzh\\\/becedia\\\/bretagne-1972\\\/bibliographie-de-1972\\\/#primaryimage\"},\"thumbnailUrl\":\"http:\\\/\\\/www.bcd.bzh\\\/becedia\\\/bretagne-1972\\\/wp-content\\\/uploads\\\/2022\\\/02\\\/bretagne_1972.jpg\",\"datePublished\":\"2022-02-07T11:35:21+00:00\",\"dateModified\":\"2022-10-14T11:46:00+00:00\",\"breadcrumb\":{\"@id\":\"http:\\\/\\\/www.bcd.bzh\\\/becedia\\\/bretagne-1972\\\/bibliographie-de-1972\\\/#breadcrumb\"},\"inLanguage\":\"fr-FR\",\"potentialAction\":[{\"@type\":\"ReadAction\",\"target\":[\"http:\\\/\\\/www.bcd.bzh\\\/becedia\\\/bretagne-1972\\\/bibliographie-de-1972\\\/\"]}]},{\"@type\":\"ImageObject\",\"inLanguage\":\"fr-FR\",\"@id\":\"http:\\\/\\\/www.bcd.bzh\\\/becedia\\\/bretagne-1972\\\/bibliographie-de-1972\\\/#primaryimage\",\"url\":\"http:\\\/\\\/www.bcd.bzh\\\/becedia\\\/bretagne-1972\\\/wp-content\\\/uploads\\\/2022\\\/02\\\/bretagne_1972.jpg\",\"contentUrl\":\"http:\\\/\\\/www.bcd.bzh\\\/becedia\\\/bretagne-1972\\\/wp-content\\\/uploads\\\/2022\\\/02\\\/bretagne_1972.jpg\",\"width\":1354,\"height\":700},{\"@type\":\"BreadcrumbList\",\"@id\":\"http:\\\/\\\/www.bcd.bzh\\\/becedia\\\/bretagne-1972\\\/bibliographie-de-1972\\\/#breadcrumb\",\"itemListElement\":[{\"@type\":\"ListItem\",\"position\":1,\"name\":\"Accueil\",\"item\":\"https:\\\/\\\/www.bcd.bzh\\\/becedia\\\/bretagne-1972\\\/\"},{\"@type\":\"ListItem\",\"position\":2,\"name\":\"Bibliographie\"}]},{\"@type\":\"WebSite\",\"@id\":\"\\\/#website\",\"url\":\"\\\/\",\"name\":\"La Bretagne en 1972\",\"description\":\"\",\"publisher\":{\"@id\":\"\\\/#organization\"},\"potentialAction\":[{\"@type\":\"SearchAction\",\"target\":{\"@type\":\"EntryPoint\",\"urlTemplate\":\"\\\/?s={search_term_string}\"},\"query-input\":{\"@type\":\"PropertyValueSpecification\",\"valueRequired\":true,\"valueName\":\"search_term_string\"}}],\"inLanguage\":\"fr-FR\"},{\"@type\":\"Organization\",\"@id\":\"\\\/#organization\",\"name\":\"La Bretagne en 1972\",\"url\":\"\\\/\",\"logo\":{\"@type\":\"ImageObject\",\"inLanguage\":\"fr-FR\",\"@id\":\"\\\/#\\\/schema\\\/logo\\\/image\\\/\",\"url\":\"http:\\\/\\\/www.bcd.bzh\\\/becedia\\\/bretagne-1972\\\/wp-content\\\/uploads\\\/2022\\\/01\\\/site-logo.svg\",\"contentUrl\":\"http:\\\/\\\/www.bcd.bzh\\\/becedia\\\/bretagne-1972\\\/wp-content\\\/uploads\\\/2022\\\/01\\\/site-logo.svg\",\"width\":309,\"height\":107,\"caption\":\"La Bretagne en 1972\"},\"image\":{\"@id\":\"\\\/#\\\/schema\\\/logo\\\/image\\\/\"}}]}<\/script>\n<!-- \/ Yoast SEO plugin. -->","yoast_head_json":{"title":"Bibliographie - La Bretagne en 1972","robots":{"index":"index","follow":"follow","max-snippet":"max-snippet:-1","max-image-preview":"max-image-preview:large","max-video-preview":"max-video-preview:-1"},"canonical":"http:\/\/www.bcd.bzh\/becedia\/bretagne-1972\/bibliographie-de-1972\/","og_locale":"fr_FR","og_type":"article","og_title":"Bibliographie - La Bretagne en 1972","og_description":"Image d&#8217;illustration : Jacques Gourmelen 1972 en Bretagne Capdevielle Jacques, Dupoirier \u00c9lisabeth, Lorant Guy, La gr\u00e8ve du Joint fran\u00e7ais, FNSP&nbsp;\/ Armand Colin, 1975. Collectif, FLB 72, proc\u00e8s de la Bretagne, \u00e9dition Kelenn, 1972. Kernalegenn Tudi, \u00ab&nbsp;1972 Le r\u00e9veil de la Bretagne&nbsp;\u00bb, ArMen n\u00b0191, novembre-d\u00e9cembre 2012. Kernalegenn Tudi, \u00ab&nbsp;L\u2019inscription spatiale d\u2019une gr\u00e8ve ouvri\u00e8re en Bretagne&nbsp;: le&hellip; Poursuivre la lecture Bibliographie","og_url":"http:\/\/www.bcd.bzh\/becedia\/bretagne-1972\/bibliographie-de-1972\/","og_site_name":"La Bretagne en 1972","article_modified_time":"2022-10-14T11:46:00+00:00","og_image":[{"width":1354,"height":700,"url":"http:\/\/www.bcd.bzh\/becedia\/bretagne-1972\/wp-content\/uploads\/2022\/02\/bretagne_1972.jpg","type":"image\/jpeg"}],"twitter_card":"summary_large_image","twitter_misc":{"Dur\u00e9e de lecture estim\u00e9e":"5 minutes"},"schema":{"@context":"https:\/\/schema.org","@graph":[{"@type":"WebPage","@id":"http:\/\/www.bcd.bzh\/becedia\/bretagne-1972\/bibliographie-de-1972\/","url":"http:\/\/www.bcd.bzh\/becedia\/bretagne-1972\/bibliographie-de-1972\/","name":"Bibliographie - La Bretagne en 1972","isPartOf":{"@id":"\/#website"},"primaryImageOfPage":{"@id":"http:\/\/www.bcd.bzh\/becedia\/bretagne-1972\/bibliographie-de-1972\/#primaryimage"},"image":{"@id":"http:\/\/www.bcd.bzh\/becedia\/bretagne-1972\/bibliographie-de-1972\/#primaryimage"},"thumbnailUrl":"http:\/\/www.bcd.bzh\/becedia\/bretagne-1972\/wp-content\/uploads\/2022\/02\/bretagne_1972.jpg","datePublished":"2022-02-07T11:35:21+00:00","dateModified":"2022-10-14T11:46:00+00:00","breadcrumb":{"@id":"http:\/\/www.bcd.bzh\/becedia\/bretagne-1972\/bibliographie-de-1972\/#breadcrumb"},"inLanguage":"fr-FR","potentialAction":[{"@type":"ReadAction","target":["http:\/\/www.bcd.bzh\/becedia\/bretagne-1972\/bibliographie-de-1972\/"]}]},{"@type":"ImageObject","inLanguage":"fr-FR","@id":"http:\/\/www.bcd.bzh\/becedia\/bretagne-1972\/bibliographie-de-1972\/#primaryimage","url":"http:\/\/www.bcd.bzh\/becedia\/bretagne-1972\/wp-content\/uploads\/2022\/02\/bretagne_1972.jpg","contentUrl":"http:\/\/www.bcd.bzh\/becedia\/bretagne-1972\/wp-content\/uploads\/2022\/02\/bretagne_1972.jpg","width":1354,"height":700},{"@type":"BreadcrumbList","@id":"http:\/\/www.bcd.bzh\/becedia\/bretagne-1972\/bibliographie-de-1972\/#breadcrumb","itemListElement":[{"@type":"ListItem","position":1,"name":"Accueil","item":"https:\/\/www.bcd.bzh\/becedia\/bretagne-1972\/"},{"@type":"ListItem","position":2,"name":"Bibliographie"}]},{"@type":"WebSite","@id":"\/#website","url":"\/","name":"La Bretagne en 1972","description":"","publisher":{"@id":"\/#organization"},"potentialAction":[{"@type":"SearchAction","target":{"@type":"EntryPoint","urlTemplate":"\/?s={search_term_string}"},"query-input":{"@type":"PropertyValueSpecification","valueRequired":true,"valueName":"search_term_string"}}],"inLanguage":"fr-FR"},{"@type":"Organization","@id":"\/#organization","name":"La Bretagne en 1972","url":"\/","logo":{"@type":"ImageObject","inLanguage":"fr-FR","@id":"\/#\/schema\/logo\/image\/","url":"http:\/\/www.bcd.bzh\/becedia\/bretagne-1972\/wp-content\/uploads\/2022\/01\/site-logo.svg","contentUrl":"http:\/\/www.bcd.bzh\/becedia\/bretagne-1972\/wp-content\/uploads\/2022\/01\/site-logo.svg","width":309,"height":107,"caption":"La Bretagne en 1972"},"image":{"@id":"\/#\/schema\/logo\/image\/"}}]}},"_links":{"self":[{"href":"http:\/\/www.bcd.bzh\/becedia\/bretagne-1972\/wp-json\/wp\/v2\/pages\/456","targetHints":{"allow":["GET"]}}],"collection":[{"href":"http:\/\/www.bcd.bzh\/becedia\/bretagne-1972\/wp-json\/wp\/v2\/pages"}],"about":[{"href":"http:\/\/www.bcd.bzh\/becedia\/bretagne-1972\/wp-json\/wp\/v2\/types\/page"}],"author":[{"embeddable":true,"href":"http:\/\/www.bcd.bzh\/becedia\/bretagne-1972\/wp-json\/wp\/v2\/users\/6"}],"replies":[{"embeddable":true,"href":"http:\/\/www.bcd.bzh\/becedia\/bretagne-1972\/wp-json\/wp\/v2\/comments?post=456"}],"version-history":[{"count":21,"href":"http:\/\/www.bcd.bzh\/becedia\/bretagne-1972\/wp-json\/wp\/v2\/pages\/456\/revisions"}],"predecessor-version":[{"id":1508,"href":"http:\/\/www.bcd.bzh\/becedia\/bretagne-1972\/wp-json\/wp\/v2\/pages\/456\/revisions\/1508"}],"wp:featuredmedia":[{"embeddable":true,"href":"http:\/\/www.bcd.bzh\/becedia\/bretagne-1972\/wp-json\/wp\/v2\/media\/1038"}],"wp:attachment":[{"href":"http:\/\/www.bcd.bzh\/becedia\/bretagne-1972\/wp-json\/wp\/v2\/media?parent=456"}],"curies":[{"name":"wp","href":"https:\/\/api.w.org\/{rel}","templated":true}]}}