{"id":412,"date":"2022-02-04T14:17:51","date_gmt":"2022-02-04T13:17:51","guid":{"rendered":"http:\/\/www.bcd.bzh\/becedia\/bretagne-1972\/?page_id=412"},"modified":"2022-02-04T14:17:51","modified_gmt":"2022-02-04T13:17:51","slug":"mentions-legales","status":"publish","type":"page","link":"https:\/\/www.bcd.bzh\/becedia\/bretagne-1972\/mentions-legales\/","title":{"rendered":"Mentions l\u00e9gales"},"content":{"rendered":"\n<h2 class=\"wp-block-heading\" id=\"responsable-de-la-publication\">Responsable de la publication<\/h2>\n\n\n\n<p>Bretagne Culture Diversit\u00e9 \/ Sevenadurio\u00f9<br>L\u2019Orientis<br>Immeuble Astr\u00e9e<br>3, boulevard Cosmao Dumanoir<br>56100 LORIENT<br>02 97 35 48 77<br><a href=\"javascript:;\">contact@bcd.bzh<\/a><br>Raison : Association loi 1901<br>Siret : 788 475 176 000 20<br>APE : 9499Z<\/p>\n\n\n\n<p>Directeur de la publication : Philippe Ramel<br>R\u00e9dacteur en chef : Tudi Kernalegen<br>Responsable technique : Mika\u00ebl Le Bihannic<\/p>\n\n\n\n<h2 class=\"wp-block-heading\" id=\"realisation\">R\u00e9alisation<\/h2>\n\n\n\n<p>Agence Quinze Mille<br>6 rue des Trente<br>35000 Rennes<br><a href=\"javascript:;\">contact@quinze-mille.com<\/a><br><a href=\"http:\/\/www.quinze-mille.com\/\" target=\"_blank\" rel=\"noreferrer noopener\">www.quinze-mille.com<\/a><\/p>\n\n\n\n<p>H\u00e9bergement : OVH<br>SAS au capital de 10 000 000 \u20ac&nbsp;RCS Roubaix \u00e0 Tourcoing 424 761 419 00045<br>Code APE 6202A \u2013 N\u00b0 TVA : FR 22 424 761 419<br>Si\u00e8ge social : 2 rue Kellermann 59100 Roubaix \u2013 France.<\/p>\n\n\n\n<h2 class=\"wp-block-heading\" id=\"credits-photographiques\">Cr\u00e9dits photographiques<\/h2>\n\n\n\n<p>L\u2019ensemble des visuels affich\u00e9s sur le site est g\u00e9n\u00e9ralement cr\u00e9dit\u00e9 au bas de l\u2019image.<br>Le cas \u00e9ch\u00e9ant, l\u2019image est \u00e0 cr\u00e9diter aupr\u00e8s de \u00a9 Bretagne Culture Diversit\u00e9 \/ Sevenadurio\u00f9.<\/p>\n","protected":false},"excerpt":{"rendered":"<p>Responsable de la publication Bretagne Culture Diversit\u00e9 \/ Sevenadurio\u00f9L\u2019OrientisImmeuble Astr\u00e9e3, boulevard Cosmao Dumanoir56100 LORIENT02 97 35 48 77contact@bcd.bzhRaison : Association loi 1901Siret : 788 475 176 000 20APE : 9499Z Directeur de la publication : Philippe RamelR\u00e9dacteur en chef : Tudi KernalegenResponsable technique : Mika\u00ebl Le Bihannic R\u00e9alisation Agence Quinze Mille6 rue des Trente35000 Rennescontact@quinze-mille.comwww.quinze-mille.com&hellip; <a class=\"more-link\" href=\"https:\/\/www.bcd.bzh\/becedia\/bretagne-1972\/mentions-legales\/\">Poursuivre la lecture <span class=\"screen-reader-text\">Mentions l\u00e9gales<\/span><\/a><\/p>\n","protected":false},"author":3,"featured_media":0,"parent":0,"menu_order":0,"comment_status":"closed","ping_status":"closed","template":"","meta":{"inline_featured_image":false,"footnotes":""},"class_list":["post-412","page","type-page","status-publish","hentry","entry"],"acf":[],"yoast_head":"<!-- This site is optimized with the Yoast SEO plugin v27.5 - https:\/\/yoast.com\/product\/yoast-seo-wordpress\/ -->\n<title>Mentions l\u00e9gales - La Bretagne en 1972<\/title>\n<meta name=\"robots\" content=\"index, follow, max-snippet:-1, max-image-preview:large, max-video-preview:-1\" \/>\n<link rel=\"canonical\" href=\"https:\/\/www.bcd.bzh\/becedia\/bretagne-1972\/mentions-legales\/\" \/>\n<meta property=\"og:locale\" content=\"fr_FR\" \/>\n<meta property=\"og:type\" content=\"article\" \/>\n<meta property=\"og:title\" content=\"Mentions l\u00e9gales - La Bretagne en 1972\" \/>\n<meta property=\"og:description\" content=\"Responsable de la publication Bretagne Culture Diversit\u00e9 \/ Sevenadurio\u00f9L\u2019OrientisImmeuble Astr\u00e9e3, boulevard Cosmao Dumanoir56100 LORIENT02 97 35 48 77contact@bcd.bzhRaison : Association loi 1901Siret : 788 475 176 000 20APE : 9499Z Directeur de la publication : Philippe RamelR\u00e9dacteur en chef : Tudi KernalegenResponsable technique : Mika\u00ebl Le Bihannic R\u00e9alisation Agence Quinze Mille6 rue des Trente35000 Rennescontact@quinze-mille.comwww.quinze-mille.com&hellip; Poursuivre la lecture Mentions l\u00e9gales\" \/>\n<meta property=\"og:url\" content=\"https:\/\/www.bcd.bzh\/becedia\/bretagne-1972\/mentions-legales\/\" \/>\n<meta property=\"og:site_name\" content=\"La Bretagne en 1972\" \/>\n<meta name=\"twitter:card\" content=\"summary_large_image\" \/>\n<meta name=\"twitter:label1\" content=\"Dur\u00e9e de lecture estim\u00e9e\" \/>\n\t<meta name=\"twitter:data1\" content=\"1 minute\" \/>\n<script type=\"application\/ld+json\" class=\"yoast-schema-graph\">{\"@context\":\"https:\\\/\\\/schema.org\",\"@graph\":[{\"@type\":\"WebPage\",\"@id\":\"https:\\\/\\\/www.bcd.bzh\\\/becedia\\\/bretagne-1972\\\/mentions-legales\\\/\",\"url\":\"https:\\\/\\\/www.bcd.bzh\\\/becedia\\\/bretagne-1972\\\/mentions-legales\\\/\",\"name\":\"Mentions l\u00e9gales - La Bretagne en 1972\",\"isPartOf\":{\"@id\":\"\\\/#website\"},\"datePublished\":\"2022-02-04T13:17:51+00:00\",\"breadcrumb\":{\"@id\":\"https:\\\/\\\/www.bcd.bzh\\\/becedia\\\/bretagne-1972\\\/mentions-legales\\\/#breadcrumb\"},\"inLanguage\":\"fr-FR\",\"potentialAction\":[{\"@type\":\"ReadAction\",\"target\":[\"https:\\\/\\\/www.bcd.bzh\\\/becedia\\\/bretagne-1972\\\/mentions-legales\\\/\"]}]},{\"@type\":\"BreadcrumbList\",\"@id\":\"https:\\\/\\\/www.bcd.bzh\\\/becedia\\\/bretagne-1972\\\/mentions-legales\\\/#breadcrumb\",\"itemListElement\":[{\"@type\":\"ListItem\",\"position\":1,\"name\":\"Accueil\",\"item\":\"https:\\\/\\\/www.bcd.bzh\\\/becedia\\\/bretagne-1972\\\/\"},{\"@type\":\"ListItem\",\"position\":2,\"name\":\"Mentions l\u00e9gales\"}]},{\"@type\":\"WebSite\",\"@id\":\"\\\/#website\",\"url\":\"\\\/\",\"name\":\"La Bretagne en 1972\",\"description\":\"\",\"publisher\":{\"@id\":\"\\\/#organization\"},\"potentialAction\":[{\"@type\":\"SearchAction\",\"target\":{\"@type\":\"EntryPoint\",\"urlTemplate\":\"\\\/?s={search_term_string}\"},\"query-input\":{\"@type\":\"PropertyValueSpecification\",\"valueRequired\":true,\"valueName\":\"search_term_string\"}}],\"inLanguage\":\"fr-FR\"},{\"@type\":\"Organization\",\"@id\":\"\\\/#organization\",\"name\":\"La Bretagne en 1972\",\"url\":\"\\\/\",\"logo\":{\"@type\":\"ImageObject\",\"inLanguage\":\"fr-FR\",\"@id\":\"\\\/#\\\/schema\\\/logo\\\/image\\\/\",\"url\":\"https:\\\/\\\/www.bcd.bzh\\\/becedia\\\/bretagne-1972\\\/wp-content\\\/uploads\\\/2022\\\/01\\\/site-logo.svg\",\"contentUrl\":\"https:\\\/\\\/www.bcd.bzh\\\/becedia\\\/bretagne-1972\\\/wp-content\\\/uploads\\\/2022\\\/01\\\/site-logo.svg\",\"width\":309,\"height\":107,\"caption\":\"La Bretagne en 1972\"},\"image\":{\"@id\":\"\\\/#\\\/schema\\\/logo\\\/image\\\/\"}}]}<\/script>\n<!-- \/ Yoast SEO plugin. -->","yoast_head_json":{"title":"Mentions l\u00e9gales - La Bretagne en 1972","robots":{"index":"index","follow":"follow","max-snippet":"max-snippet:-1","max-image-preview":"max-image-preview:large","max-video-preview":"max-video-preview:-1"},"canonical":"https:\/\/www.bcd.bzh\/becedia\/bretagne-1972\/mentions-legales\/","og_locale":"fr_FR","og_type":"article","og_title":"Mentions l\u00e9gales - La Bretagne en 1972","og_description":"Responsable de la publication Bretagne Culture Diversit\u00e9 \/ Sevenadurio\u00f9L\u2019OrientisImmeuble Astr\u00e9e3, boulevard Cosmao Dumanoir56100 LORIENT02 97 35 48 77contact@bcd.bzhRaison : Association loi 1901Siret : 788 475 176 000 20APE : 9499Z Directeur de la publication : Philippe RamelR\u00e9dacteur en chef : Tudi KernalegenResponsable technique : Mika\u00ebl Le Bihannic R\u00e9alisation Agence Quinze Mille6 rue des Trente35000 Rennescontact@quinze-mille.comwww.quinze-mille.com&hellip; Poursuivre la lecture Mentions l\u00e9gales","og_url":"https:\/\/www.bcd.bzh\/becedia\/bretagne-1972\/mentions-legales\/","og_site_name":"La Bretagne en 1972","twitter_card":"summary_large_image","twitter_misc":{"Dur\u00e9e de lecture estim\u00e9e":"1 minute"},"schema":{"@context":"https:\/\/schema.org","@graph":[{"@type":"WebPage","@id":"https:\/\/www.bcd.bzh\/becedia\/bretagne-1972\/mentions-legales\/","url":"https:\/\/www.bcd.bzh\/becedia\/bretagne-1972\/mentions-legales\/","name":"Mentions l\u00e9gales - La Bretagne en 1972","isPartOf":{"@id":"\/#website"},"datePublished":"2022-02-04T13:17:51+00:00","breadcrumb":{"@id":"https:\/\/www.bcd.bzh\/becedia\/bretagne-1972\/mentions-legales\/#breadcrumb"},"inLanguage":"fr-FR","potentialAction":[{"@type":"ReadAction","target":["https:\/\/www.bcd.bzh\/becedia\/bretagne-1972\/mentions-legales\/"]}]},{"@type":"BreadcrumbList","@id":"https:\/\/www.bcd.bzh\/becedia\/bretagne-1972\/mentions-legales\/#breadcrumb","itemListElement":[{"@type":"ListItem","position":1,"name":"Accueil","item":"https:\/\/www.bcd.bzh\/becedia\/bretagne-1972\/"},{"@type":"ListItem","position":2,"name":"Mentions l\u00e9gales"}]},{"@type":"WebSite","@id":"\/#website","url":"\/","name":"La Bretagne en 1972","description":"","publisher":{"@id":"\/#organization"},"potentialAction":[{"@type":"SearchAction","target":{"@type":"EntryPoint","urlTemplate":"\/?s={search_term_string}"},"query-input":{"@type":"PropertyValueSpecification","valueRequired":true,"valueName":"search_term_string"}}],"inLanguage":"fr-FR"},{"@type":"Organization","@id":"\/#organization","name":"La Bretagne en 1972","url":"\/","logo":{"@type":"ImageObject","inLanguage":"fr-FR","@id":"\/#\/schema\/logo\/image\/","url":"https:\/\/www.bcd.bzh\/becedia\/bretagne-1972\/wp-content\/uploads\/2022\/01\/site-logo.svg","contentUrl":"https:\/\/www.bcd.bzh\/becedia\/bretagne-1972\/wp-content\/uploads\/2022\/01\/site-logo.svg","width":309,"height":107,"caption":"La Bretagne en 1972"},"image":{"@id":"\/#\/schema\/logo\/image\/"}}]}},"_links":{"self":[{"href":"https:\/\/www.bcd.bzh\/becedia\/bretagne-1972\/wp-json\/wp\/v2\/pages\/412","targetHints":{"allow":["GET"]}}],"collection":[{"href":"https:\/\/www.bcd.bzh\/becedia\/bretagne-1972\/wp-json\/wp\/v2\/pages"}],"about":[{"href":"https:\/\/www.bcd.bzh\/becedia\/bretagne-1972\/wp-json\/wp\/v2\/types\/page"}],"author":[{"embeddable":true,"href":"https:\/\/www.bcd.bzh\/becedia\/bretagne-1972\/wp-json\/wp\/v2\/users\/3"}],"replies":[{"embeddable":true,"href":"https:\/\/www.bcd.bzh\/becedia\/bretagne-1972\/wp-json\/wp\/v2\/comments?post=412"}],"version-history":[{"count":1,"href":"https:\/\/www.bcd.bzh\/becedia\/bretagne-1972\/wp-json\/wp\/v2\/pages\/412\/revisions"}],"predecessor-version":[{"id":413,"href":"https:\/\/www.bcd.bzh\/becedia\/bretagne-1972\/wp-json\/wp\/v2\/pages\/412\/revisions\/413"}],"wp:attachment":[{"href":"https:\/\/www.bcd.bzh\/becedia\/bretagne-1972\/wp-json\/wp\/v2\/media?parent=412"}],"curies":[{"name":"wp","href":"https:\/\/api.w.org\/{rel}","templated":true}]}}

Mentions légales

<h2 class="wp-block-heading" id="responsable-de-la-publication">Responsable de la publication</h2>



<p>Bretagne Culture Diversité / Sevenadurioù<br>L’Orientis<br>Immeuble Astrée<br>3, boulevard Cosmao Dumanoir<br>56100 LORIENT<br>02 97 35 48 77<br><a href="javascript:;">contact@bcd.bzh</a><br>Raison : Association loi 1901<br>Siret : 788 475 176 000 20<br>APE : 9499Z</p>



<p>Directeur de la publication : Philippe Ramel<br>Rédacteur en chef : Tudi Kernalegen<br>Responsable technique : Mikaël Le Bihannic</p>



<h2 class="wp-block-heading" id="realisation">Réalisation</h2>



<p>Agence Quinze Mille<br>6 rue des Trente<br>35000 Rennes<br><a href="javascript:;">contact@quinze-mille.com</a><br><a href="http://www.quinze-mille.com/" target="_blank" rel="noreferrer noopener">www.quinze-mille.com</a></p>



<p>Hébergement : OVH<br>SAS au capital de 10 000 000 €&nbsp;RCS Roubaix à Tourcoing 424 761 419 00045<br>Code APE 6202A – N° TVA : FR 22 424 761 419<br>Siège social : 2 rue Kellermann 59100 Roubaix – France.</p>



<h2 class="wp-block-heading" id="credits-photographiques">Crédits photographiques</h2>



<p>L’ensemble des visuels affichés sur le site est généralement crédité au bas de l’image.<br>Le cas échéant, l’image est à créditer auprès de © Bretagne Culture Diversité / Sevenadurioù.</p>

<p>Responsable de la publication Bretagne Culture Diversité / SevenadurioùL’OrientisImmeuble Astrée3, boulevard Cosmao Dumanoir56100 LORIENT02 97 35 48 77contact@bcd.bzhRaison : Association loi 1901Siret : 788 475 176 000 20APE : 9499Z Directeur de la publication : Philippe RamelRédacteur en chef : Tudi KernalegenResponsable technique : Mikaël Le Bihannic Réalisation Agence Quinze Mille6 rue des Trente35000 Rennescontact@quinze-mille.comwww.quinze-mille.com&hellip; <a class="more-link" href="https://www.bcd.bzh/becedia/bretagne-1972/mentions-legales/">Poursuivre la lecture <span class="screen-reader-text">Mentions légales</span></a></p>

<!-- This site is optimized with the Yoast SEO plugin v27.5 - https://yoast.com/product/yoast-seo-wordpress/ -->
<title>Mentions légales - La Bretagne en 1972</title>
<meta name="robots" content="index, follow, max-snippet:-1, max-image-preview:large, max-video-preview:-1" />
<link rel="canonical" href="https://www.bcd.bzh/becedia/bretagne-1972/mentions-legales/" />
<meta property="og:locale" content="fr_FR" />
<meta property="og:type" content="article" />
<meta property="og:title" content="Mentions légales - La Bretagne en 1972" />
<meta property="og:description" content="Responsable de la publication Bretagne Culture Diversité / SevenadurioùL’OrientisImmeuble Astrée3, boulevard Cosmao Dumanoir56100 LORIENT02 97 35 48 77contact@bcd.bzhRaison : Association loi 1901Siret : 788 475 176 000 20APE : 9499Z Directeur de la publication : Philippe RamelRédacteur en chef : Tudi KernalegenResponsable technique : Mikaël Le Bihannic Réalisation Agence Quinze Mille6 rue des Trente35000 Rennescontact@quinze-mille.comwww.quinze-mille.com&hellip; Poursuivre la lecture Mentions légales" />
<meta property="og:url" content="https://www.bcd.bzh/becedia/bretagne-1972/mentions-legales/" />
<meta property="og:site_name" content="La Bretagne en 1972" />
<meta name="twitter:card" content="summary_large_image" />
<meta name="twitter:label1" content="Durée de lecture estimée" />
	<meta name="twitter:data1" content="1 minute" />
<script type="application/ld+json" class="yoast-schema-graph">{"@context":"https:\/\/schema.org","@graph":[{"@type":"WebPage","@id":"https:\/\/www.bcd.bzh\/becedia\/bretagne-1972\/mentions-legales\/","url":"https:\/\/www.bcd.bzh\/becedia\/bretagne-1972\/mentions-legales\/","name":"Mentions légales - La Bretagne en 1972","isPartOf":{"@id":"\/#website"},"datePublished":"2022-02-04T13:17:51+00:00","breadcrumb":{"@id":"https:\/\/www.bcd.bzh\/becedia\/bretagne-1972\/mentions-legales\/#breadcrumb"},"inLanguage":"fr-FR","potentialAction":[{"@type":"ReadAction","target":["https:\/\/www.bcd.bzh\/becedia\/bretagne-1972\/mentions-legales\/"]}]},{"@type":"BreadcrumbList","@id":"https:\/\/www.bcd.bzh\/becedia\/bretagne-1972\/mentions-legales\/#breadcrumb","itemListElement":[{"@type":"ListItem","position":1,"name":"Accueil","item":"https:\/\/www.bcd.bzh\/becedia\/bretagne-1972\/"},{"@type":"ListItem","position":2,"name":"Mentions légales"}]},{"@type":"WebSite","@id":"\/#website","url":"\/","name":"La Bretagne en 1972","description":"","publisher":{"@id":"\/#organization"},"potentialAction":[{"@type":"SearchAction","target":{"@type":"EntryPoint","urlTemplate":"\/?s={search_term_string}"},"query-input":{"@type":"PropertyValueSpecification","valueRequired":true,"valueName":"search_term_string"}}],"inLanguage":"fr-FR"},{"@type":"Organization","@id":"\/#organization","name":"La Bretagne en 1972","url":"\/","logo":{"@type":"ImageObject","inLanguage":"fr-FR","@id":"\/#\/schema\/logo\/image\/","url":"https:\/\/www.bcd.bzh\/becedia\/bretagne-1972\/wp-content\/uploads\/2022\/01\/site-logo.svg","contentUrl":"https:\/\/www.bcd.bzh\/becedia\/bretagne-1972\/wp-content\/uploads\/2022\/01\/site-logo.svg","width":309,"height":107,"caption":"La Bretagne en 1972"},"image":{"@id":"\/#\/schema\/logo\/image\/"}}]}</script>
<!-- / Yoast SEO plugin. -->

Mentions légales - La Bretagne en 1972

Responsable de la publication Bretagne Culture Diversité / SevenadurioùL’OrientisImmeuble Astrée3, boulevard Cosmao Dumanoir56100 LORIENT02 97 35 48 77contact@bcd.bzhRaison : Association loi 1901Siret : 788 475 176 000 20APE : 9499Z Directeur de la publication : Philippe RamelRédacteur en chef : Tudi KernalegenResponsable technique : Mikaël Le Bihannic Réalisation Agence Quinze Mille6 rue des Trente35000 Rennescontact@quinze-mille.comwww.quinze-mille.com&hellip; Poursuivre la lecture Mentions légales
