{"id":28,"date":"2022-04-12T15:23:03","date_gmt":"2022-04-12T13:23:03","guid":{"rendered":"https:\/\/www.bcd.bzh\/becedia\/bretagne-celtique\/?page_id=28"},"modified":"2022-06-13T10:13:21","modified_gmt":"2022-06-13T08:13:21","slug":"aux-origines-antiquite","status":"publish","type":"page","link":"https:\/\/www.bcd.bzh\/becedia\/bretagne-celtique\/aux-origines-antiquite\/","title":{"rendered":"Aux origines : l\u2019\u00e2ge du Fer"},"content":{"rendered":"\n<p>Les premi\u00e8res traces des Celtes remontent au premier mill\u00e9naire, et plus pr\u00e9cis\u00e9ment \u00e0 l\u2019\u00e2ge du Fer (-800). Plut\u00f4t que l\u2019existence d\u2019un peuple parlant une langue unique et poss\u00e9dant une culture mat\u00e9rielle uniforme, les recherches actuelles penchent aujourd\u2019hui davantage vers l\u2019existence d\u2019une vaste aire culturelle en Europe. <\/p>\n\n\n\n<p><strong>La p\u00e9ninsule armoricaine est quant \u00e0 elle concern\u00e9e par la diffusion de la culture celte, lors de la p\u00e9riode nomm\u00e9e La T\u00e8ne<\/strong> (de 450 avant J\u00e9sus-Christ jusqu\u2019\u00e0 la conqu\u00eate romaine en -52)<em>.<\/em> Les r\u00e9centes d\u00e9couvertes de bustes sur les sites de Paule et Tr\u00e9muson, dans les C\u00f4tes d\u2019Armor actuelles, sont significatifs de cette p\u00e9riode.<\/p>\n\n\n\n<h4 class=\"wp-block-heading\">Pour aller plus loin<\/h4>\n\n\n\n<p><strong>\u00c0 lire<\/strong>, <strong>un article consacr\u00e9 \u00e0 l\u2019\u00e2ge du fer en Bretagne<\/strong>, qui permet de comprendre comment ce mat\u00e9riau a entra\u00een\u00e9, par l\u2019am\u00e9lioration de l\u2019outillage, de profondes modifications dans la soci\u00e9t\u00e9.<br><strong>\u00c0 \u00e9couter, Manon Six, commissaire de l\u2019exposition \u00ab\u00a0Celtique&nbsp;?\u2019\u2019<\/strong> qui rappelle l\u2019\u00e9tat actuel des connaissances sur cette p\u00e9riode celtique de la T\u00e8ne. Ses \u00e9clairages sont compl\u00e9t\u00e9s par <strong>l\u2019arch\u00e9ologue Yves <\/strong>Menez&nbsp;: le chercheur d\u00e9veloppe, <strong>dans un article et dans un podcast<\/strong>, comment le site de Paule, dont il a dirig\u00e9 les fouilles durant 20 ans, s\u2019inscrit pleinement dans cette \u00e9poque.<\/p>\n\n\n<ul class=\"wp-block-latest-posts__list is-grid columns-3 alignwide is-style-default wp-block-latest-posts\"><li><div class=\"wp-block-latest-posts__featured-image\"><a href=\"https:\/\/www.bcd.bzh\/becedia\/bretagne-celtique\/2022\/08\/24\/limpact-de-lhistoire-sur-la-toponymie-bretonne\/\" aria-label=\"L&rsquo;impact de l&rsquo;histoire sur la toponymie bretonne\"><img loading=\"lazy\" decoding=\"async\" width=\"750\" height=\"450\" src=\"https:\/\/www.bcd.bzh\/becedia\/bretagne-celtique\/wp-content\/uploads\/2022\/08\/calorguen-france-panneau.jpg\" class=\"attachment-large size-large wp-post-image\" alt=\"\" style=\"width:100%;height:60%;max-width:1000px;\" srcset=\"https:\/\/www.bcd.bzh\/becedia\/bretagne-celtique\/wp-content\/uploads\/2022\/08\/calorguen-france-panneau.jpg 1000w, https:\/\/www.bcd.bzh\/becedia\/bretagne-celtique\/wp-content\/uploads\/2022\/08\/calorguen-france-panneau-300x180.jpg 300w, https:\/\/www.bcd.bzh\/becedia\/bretagne-celtique\/wp-content\/uploads\/2022\/08\/calorguen-france-panneau-768x461.jpg 768w\" sizes=\"auto, (max-width: 750px) 100vw, 750px\" \/><\/a><\/div><a class=\"wp-block-latest-posts__post-title\" href=\"https:\/\/www.bcd.bzh\/becedia\/bretagne-celtique\/2022\/08\/24\/limpact-de-lhistoire-sur-la-toponymie-bretonne\/\">L&rsquo;impact de l&rsquo;histoire sur la toponymie bretonne<\/a><\/li>\n<li><div class=\"wp-block-latest-posts__featured-image\"><a href=\"https:\/\/www.bcd.bzh\/becedia\/bretagne-celtique\/2022\/08\/24\/la-desagregation-de-lempire-romain-en-armorique\/\" aria-label=\"La d\u00e9sagr\u00e9gation de l\u2019Empire romain en Armorique\"><img loading=\"lazy\" decoding=\"async\" width=\"750\" height=\"450\" src=\"https:\/\/www.bcd.bzh\/becedia\/bretagne-celtique\/wp-content\/uploads\/2022\/08\/Temple-de-Mars-Corseul1-byRundvald-1.jpg\" class=\"attachment-large size-large wp-post-image\" alt=\"\" style=\"width:100%;height:60%;max-width:1000px;\" srcset=\"https:\/\/www.bcd.bzh\/becedia\/bretagne-celtique\/wp-content\/uploads\/2022\/08\/Temple-de-Mars-Corseul1-byRundvald-1.jpg 1000w, https:\/\/www.bcd.bzh\/becedia\/bretagne-celtique\/wp-content\/uploads\/2022\/08\/Temple-de-Mars-Corseul1-byRundvald-1-300x180.jpg 300w, https:\/\/www.bcd.bzh\/becedia\/bretagne-celtique\/wp-content\/uploads\/2022\/08\/Temple-de-Mars-Corseul1-byRundvald-1-768x461.jpg 768w\" sizes=\"auto, (max-width: 750px) 100vw, 750px\" \/><\/a><\/div><a class=\"wp-block-latest-posts__post-title\" href=\"https:\/\/www.bcd.bzh\/becedia\/bretagne-celtique\/2022\/08\/24\/la-desagregation-de-lempire-romain-en-armorique\/\">La d\u00e9sagr\u00e9gation de l\u2019Empire romain en Armorique<\/a><\/li>\n<li><div class=\"wp-block-latest-posts__featured-image\"><a href=\"https:\/\/www.bcd.bzh\/becedia\/bretagne-celtique\/2022\/04\/27\/podcast-c-comme-celtique-avec-manon-six\/\" aria-label=\"Podcast &#8211; C comme celtique avec Manon Six\"><img loading=\"lazy\" decoding=\"async\" width=\"750\" height=\"450\" src=\"https:\/\/www.bcd.bzh\/becedia\/bretagne-celtique\/wp-content\/uploads\/2022\/05\/BAT-logo-abecedaire-C-e1651583985411.jpg\" class=\"attachment-large size-large wp-post-image\" alt=\"\" style=\"width:100%;height:59.95%;max-width:774px;\" srcset=\"https:\/\/www.bcd.bzh\/becedia\/bretagne-celtique\/wp-content\/uploads\/2022\/05\/BAT-logo-abecedaire-C-e1651583985411.jpg 774w, https:\/\/www.bcd.bzh\/becedia\/bretagne-celtique\/wp-content\/uploads\/2022\/05\/BAT-logo-abecedaire-C-e1651583985411-300x180.jpg 300w, https:\/\/www.bcd.bzh\/becedia\/bretagne-celtique\/wp-content\/uploads\/2022\/05\/BAT-logo-abecedaire-C-e1651583985411-768x460.jpg 768w\" sizes=\"auto, (max-width: 750px) 100vw, 750px\" \/><\/a><\/div><a class=\"wp-block-latest-posts__post-title\" href=\"https:\/\/www.bcd.bzh\/becedia\/bretagne-celtique\/2022\/04\/27\/podcast-c-comme-celtique-avec-manon-six\/\">Podcast &#8211; C comme celtique avec Manon Six<\/a><\/li>\n<li><div class=\"wp-block-latest-posts__featured-image\"><a href=\"https:\/\/www.bcd.bzh\/becedia\/bretagne-celtique\/2022\/04\/15\/podcast-lhistoire-du-site-de-paule-residence-celtique\/\" aria-label=\"Podcast &#8211; L&rsquo;histoire du site de Paule, r\u00e9sidence celtique\"><img loading=\"lazy\" decoding=\"async\" width=\"750\" height=\"450\" src=\"https:\/\/www.bcd.bzh\/becedia\/bretagne-celtique\/wp-content\/uploads\/2022\/04\/ferme-celtique-e1650018154339.jpg\" class=\"attachment-large size-large wp-post-image\" alt=\"\" style=\"width:100%;height:60%;max-width:800px;\" srcset=\"https:\/\/www.bcd.bzh\/becedia\/bretagne-celtique\/wp-content\/uploads\/2022\/04\/ferme-celtique-e1650018154339.jpg 800w, https:\/\/www.bcd.bzh\/becedia\/bretagne-celtique\/wp-content\/uploads\/2022\/04\/ferme-celtique-e1650018154339-300x180.jpg 300w, https:\/\/www.bcd.bzh\/becedia\/bretagne-celtique\/wp-content\/uploads\/2022\/04\/ferme-celtique-e1650018154339-768x461.jpg 768w\" sizes=\"auto, (max-width: 750px) 100vw, 750px\" \/><\/a><\/div><a class=\"wp-block-latest-posts__post-title\" href=\"https:\/\/www.bcd.bzh\/becedia\/bretagne-celtique\/2022\/04\/15\/podcast-lhistoire-du-site-de-paule-residence-celtique\/\">Podcast &#8211; L&rsquo;histoire du site de Paule, r\u00e9sidence celtique<\/a><\/li>\n<li><div class=\"wp-block-latest-posts__featured-image\"><a href=\"https:\/\/www.bcd.bzh\/becedia\/bretagne-celtique\/2022\/04\/13\/une-residence-de-la-noblesse-gauloise-a-paule\/\" aria-label=\"Une r\u00e9sidence de la noblesse gauloise \u00e0 Paule\"><img loading=\"lazy\" decoding=\"async\" width=\"750\" height=\"450\" src=\"https:\/\/www.bcd.bzh\/becedia\/bretagne-celtique\/wp-content\/uploads\/2022\/04\/paule-e1649841320984-1024x615.jpg\" class=\"attachment-large size-large wp-post-image\" alt=\"\" style=\"width:100%;height:60.04%;max-width:1106px;\" srcset=\"https:\/\/www.bcd.bzh\/becedia\/bretagne-celtique\/wp-content\/uploads\/2022\/04\/paule-e1649841320984-1024x615.jpg 1024w, https:\/\/www.bcd.bzh\/becedia\/bretagne-celtique\/wp-content\/uploads\/2022\/04\/paule-e1649841320984-300x180.jpg 300w, https:\/\/www.bcd.bzh\/becedia\/bretagne-celtique\/wp-content\/uploads\/2022\/04\/paule-e1649841320984-768x461.jpg 768w, https:\/\/www.bcd.bzh\/becedia\/bretagne-celtique\/wp-content\/uploads\/2022\/04\/paule-e1649841320984.jpg 1106w\" sizes=\"auto, (max-width: 750px) 100vw, 750px\" \/><\/a><\/div><a class=\"wp-block-latest-posts__post-title\" href=\"https:\/\/www.bcd.bzh\/becedia\/bretagne-celtique\/2022\/04\/13\/une-residence-de-la-noblesse-gauloise-a-paule\/\">Une r\u00e9sidence de la noblesse gauloise \u00e0 Paule<\/a><\/li>\n<\/ul>\n\n\n        <div class=\"alignwide nextprev\">\n\n    \n\n\n    \n\n                \n            <a class=\"bcd-lien nextprev__link nextprev__link--prev \" href=\"https:\/\/www.bcd.bzh\/becedia\/bretagne-celtique\/\">\n            <span class=\"arrow\">\n                <svg class=\"icon\" viewBox=\"0 0 20 14\" fill=\"none\" ><path d=\"M7 14L8.41 12.59L3.83 8L20 8L20 6L3.83 6L8.42 1.41L7 -1.1365e-06L6.11959e-07 7L7 14Z\" fill=\"white\"\/><\/svg>    \n            <\/span>\n            <span class=\"link-title\">Accueil<\/span>\n            \n        <\/a>\n        \n        \n                \n            <a class=\"bcd-lien nextprev__link nextprev__link--next\" href=\"https:\/\/www.bcd.bzh\/becedia\/bretagne-celtique\/aux-origines-haut-moyen-age\/\">Aux origines : Haut moyen \u00c2ge<span class=\"arrow\"> \n                            <svg class=\"icon\" viewBox=\"0 0 20 14\" fill=\"none\"><path d=\"M13 0L11.59 1.41L16.17 6H0V8H16.17L11.58 12.59L13 14L20 7L13 0Z\" fill=\"white\"><\/path><\/svg>\n                        <\/span><\/a>\n        \n            <\/div>\n\n    ","protected":false},"excerpt":{"rendered":"<p>Les premi\u00e8res traces des Celtes remontent au premier mill\u00e9naire, et plus pr\u00e9cis\u00e9ment \u00e0 l\u2019\u00e2ge du Fer (-800). Plut\u00f4t que l\u2019existence d\u2019un peuple parlant une langue unique et poss\u00e9dant une culture mat\u00e9rielle uniforme, les recherches actuelles penchent aujourd\u2019hui davantage vers l\u2019existence d\u2019une vaste aire culturelle en Europe. La p\u00e9ninsule armoricaine est quant \u00e0 elle concern\u00e9e par&hellip; <a class=\"more-link\" href=\"https:\/\/www.bcd.bzh\/becedia\/bretagne-celtique\/aux-origines-antiquite\/\">Poursuivre la lecture <span class=\"screen-reader-text\">Aux origines : l\u2019\u00e2ge du Fer<\/span><\/a><\/p>\n","protected":false},"author":1,"featured_media":73,"parent":0,"menu_order":0,"comment_status":"closed","ping_status":"closed","template":"tpl_page-contenu.php","meta":{"_acf_changed":false,"footnotes":""},"class_list":["post-28","page","type-page","status-publish","has-post-thumbnail","hentry","entry"],"acf":[],"yoast_head":"<!-- This site is optimized with the Yoast SEO plugin v24.2 - https:\/\/yoast.com\/wordpress\/plugins\/seo\/ -->\n<title>Aux origines : l\u2019\u00e2ge du Fer - La Bretagne, terre celtique ?<\/title>\n<meta name=\"robots\" content=\"index, follow, max-snippet:-1, max-image-preview:large, max-video-preview:-1\" \/>\n<link rel=\"canonical\" href=\"https:\/\/www.bcd.bzh\/becedia\/bretagne-celtique\/aux-origines-antiquite\/\" \/>\n<meta property=\"og:locale\" content=\"fr_FR\" \/>\n<meta property=\"og:type\" content=\"article\" \/>\n<meta property=\"og:title\" content=\"Aux origines : l\u2019\u00e2ge du Fer - La Bretagne, terre celtique ?\" \/>\n<meta property=\"og:description\" content=\"Les premi\u00e8res traces des Celtes remontent au premier mill\u00e9naire, et plus pr\u00e9cis\u00e9ment \u00e0 l\u2019\u00e2ge du Fer (-800). Plut\u00f4t que l\u2019existence d\u2019un peuple parlant une langue unique et poss\u00e9dant une culture mat\u00e9rielle uniforme, les recherches actuelles penchent aujourd\u2019hui davantage vers l\u2019existence d\u2019une vaste aire culturelle en Europe. La p\u00e9ninsule armoricaine est quant \u00e0 elle concern\u00e9e par&hellip; Poursuivre la lecture Aux origines : l\u2019\u00e2ge du Fer\" \/>\n<meta property=\"og:url\" content=\"https:\/\/www.bcd.bzh\/becedia\/bretagne-celtique\/aux-origines-antiquite\/\" \/>\n<meta property=\"og:site_name\" content=\"La Bretagne, terre celtique ?\" \/>\n<meta property=\"article:publisher\" content=\"https:\/\/www.facebook.com\/bretagne.culturediversite\" \/>\n<meta property=\"article:modified_time\" content=\"2022-06-13T08:13:21+00:00\" \/>\n<meta property=\"og:image\" content=\"https:\/\/www.bcd.bzh\/becedia\/bretagne-celtique\/wp-content\/uploads\/2022\/04\/evocation_de_la_ferme_du_boisanne-e1649841393247.jpg\" \/>\n\t<meta property=\"og:image:width\" content=\"805\" \/>\n\t<meta property=\"og:image:height\" content=\"482\" \/>\n\t<meta property=\"og:image:type\" content=\"image\/jpeg\" \/>\n<meta name=\"twitter:card\" content=\"summary_large_image\" \/>\n<meta name=\"twitter:site\" content=\"@BCDsevenaduriou\" \/>\n<meta name=\"twitter:label1\" content=\"Dur\u00e9e de lecture estim\u00e9e\" \/>\n\t<meta name=\"twitter:data1\" content=\"1 minute\" \/>\n<script type=\"application\/ld+json\" class=\"yoast-schema-graph\">{\"@context\":\"https:\/\/schema.org\",\"@graph\":[{\"@type\":\"WebPage\",\"@id\":\"https:\/\/www.bcd.bzh\/becedia\/bretagne-celtique\/aux-origines-antiquite\/\",\"url\":\"https:\/\/www.bcd.bzh\/becedia\/bretagne-celtique\/aux-origines-antiquite\/\",\"name\":\"Aux origines : l\u2019\u00e2ge du Fer - La Bretagne, terre celtique ?\",\"isPartOf\":{\"@id\":\"https:\/\/www.bcd.bzh\/becedia\/bretagne-celtique\/#website\"},\"primaryImageOfPage\":{\"@id\":\"https:\/\/www.bcd.bzh\/becedia\/bretagne-celtique\/aux-origines-antiquite\/#primaryimage\"},\"image\":{\"@id\":\"https:\/\/www.bcd.bzh\/becedia\/bretagne-celtique\/aux-origines-antiquite\/#primaryimage\"},\"thumbnailUrl\":\"https:\/\/www.bcd.bzh\/becedia\/bretagne-celtique\/wp-content\/uploads\/2022\/04\/evocation_de_la_ferme_du_boisanne-e1649841393247.jpg\",\"datePublished\":\"2022-04-12T13:23:03+00:00\",\"dateModified\":\"2022-06-13T08:13:21+00:00\",\"breadcrumb\":{\"@id\":\"https:\/\/www.bcd.bzh\/becedia\/bretagne-celtique\/aux-origines-antiquite\/#breadcrumb\"},\"inLanguage\":\"fr-FR\",\"potentialAction\":[{\"@type\":\"ReadAction\",\"target\":[\"https:\/\/www.bcd.bzh\/becedia\/bretagne-celtique\/aux-origines-antiquite\/\"]}]},{\"@type\":\"ImageObject\",\"inLanguage\":\"fr-FR\",\"@id\":\"https:\/\/www.bcd.bzh\/becedia\/bretagne-celtique\/aux-origines-antiquite\/#primaryimage\",\"url\":\"https:\/\/www.bcd.bzh\/becedia\/bretagne-celtique\/wp-content\/uploads\/2022\/04\/evocation_de_la_ferme_du_boisanne-e1649841393247.jpg\",\"contentUrl\":\"https:\/\/www.bcd.bzh\/becedia\/bretagne-celtique\/wp-content\/uploads\/2022\/04\/evocation_de_la_ferme_du_boisanne-e1649841393247.jpg\",\"width\":805,\"height\":482,\"caption\":\"\u00c9vocation de la ferme du Boisanne \u00e0 Plou\u00ebr-sur-Rance (C\u00f4tes d'Armor) au Ve s. av. J.-C., avec son enclos fun\u00e9raire - Dessin Yves Menez\"},{\"@type\":\"BreadcrumbList\",\"@id\":\"https:\/\/www.bcd.bzh\/becedia\/bretagne-celtique\/aux-origines-antiquite\/#breadcrumb\",\"itemListElement\":[{\"@type\":\"ListItem\",\"position\":1,\"name\":\"Accueil\",\"item\":\"https:\/\/www.bcd.bzh\/becedia\/bretagne-celtique\/\"},{\"@type\":\"ListItem\",\"position\":2,\"name\":\"Aux origines : l\u2019\u00e2ge du Fer\"}]},{\"@type\":\"WebSite\",\"@id\":\"https:\/\/www.bcd.bzh\/becedia\/bretagne-celtique\/#website\",\"url\":\"https:\/\/www.bcd.bzh\/becedia\/bretagne-celtique\/\",\"name\":\"La Bretagne, terre celtique ?\",\"description\":\"Bretagne Culture Diversit\u00e9\",\"publisher\":{\"@id\":\"https:\/\/www.bcd.bzh\/becedia\/bretagne-celtique\/#organization\"},\"potentialAction\":[{\"@type\":\"SearchAction\",\"target\":{\"@type\":\"EntryPoint\",\"urlTemplate\":\"https:\/\/www.bcd.bzh\/becedia\/bretagne-celtique\/?s={search_term_string}\"},\"query-input\":{\"@type\":\"PropertyValueSpecification\",\"valueRequired\":true,\"valueName\":\"search_term_string\"}}],\"inLanguage\":\"fr-FR\"},{\"@type\":\"Organization\",\"@id\":\"https:\/\/www.bcd.bzh\/becedia\/bretagne-celtique\/#organization\",\"name\":\"Bretagne Culture Diversit\u00e9\",\"url\":\"https:\/\/www.bcd.bzh\/becedia\/bretagne-celtique\/\",\"logo\":{\"@type\":\"ImageObject\",\"inLanguage\":\"fr-FR\",\"@id\":\"https:\/\/www.bcd.bzh\/becedia\/bretagne-celtique\/#\/schema\/logo\/image\/\",\"url\":\"https:\/\/www.bcd.bzh\/becedia\/bretagne-celtique\/wp-content\/uploads\/2022\/06\/Logo_Bretagne_Culture_Diversite.png\",\"contentUrl\":\"https:\/\/www.bcd.bzh\/becedia\/bretagne-celtique\/wp-content\/uploads\/2022\/06\/Logo_Bretagne_Culture_Diversite.png\",\"width\":400,\"height\":360,\"caption\":\"Bretagne Culture Diversit\u00e9\"},\"image\":{\"@id\":\"https:\/\/www.bcd.bzh\/becedia\/bretagne-celtique\/#\/schema\/logo\/image\/\"},\"sameAs\":[\"https:\/\/www.facebook.com\/bretagne.culturediversite\",\"https:\/\/x.com\/BCDsevenaduriou\"]}]}<\/script>\n<!-- \/ Yoast SEO plugin. -->","yoast_head_json":{"title":"Aux origines : l\u2019\u00e2ge du Fer - La Bretagne, terre celtique ?","robots":{"index":"index","follow":"follow","max-snippet":"max-snippet:-1","max-image-preview":"max-image-preview:large","max-video-preview":"max-video-preview:-1"},"canonical":"https:\/\/www.bcd.bzh\/becedia\/bretagne-celtique\/aux-origines-antiquite\/","og_locale":"fr_FR","og_type":"article","og_title":"Aux origines : l\u2019\u00e2ge du Fer - La Bretagne, terre celtique ?","og_description":"Les premi\u00e8res traces des Celtes remontent au premier mill\u00e9naire, et plus pr\u00e9cis\u00e9ment \u00e0 l\u2019\u00e2ge du Fer (-800). Plut\u00f4t que l\u2019existence d\u2019un peuple parlant une langue unique et poss\u00e9dant une culture mat\u00e9rielle uniforme, les recherches actuelles penchent aujourd\u2019hui davantage vers l\u2019existence d\u2019une vaste aire culturelle en Europe. La p\u00e9ninsule armoricaine est quant \u00e0 elle concern\u00e9e par&hellip; Poursuivre la lecture Aux origines : l\u2019\u00e2ge du Fer","og_url":"https:\/\/www.bcd.bzh\/becedia\/bretagne-celtique\/aux-origines-antiquite\/","og_site_name":"La Bretagne, terre celtique ?","article_publisher":"https:\/\/www.facebook.com\/bretagne.culturediversite","article_modified_time":"2022-06-13T08:13:21+00:00","og_image":[{"width":805,"height":482,"url":"https:\/\/www.bcd.bzh\/becedia\/bretagne-celtique\/wp-content\/uploads\/2022\/04\/evocation_de_la_ferme_du_boisanne-e1649841393247.jpg","type":"image\/jpeg"}],"twitter_card":"summary_large_image","twitter_site":"@BCDsevenaduriou","twitter_misc":{"Dur\u00e9e de lecture estim\u00e9e":"1 minute"},"schema":{"@context":"https:\/\/schema.org","@graph":[{"@type":"WebPage","@id":"https:\/\/www.bcd.bzh\/becedia\/bretagne-celtique\/aux-origines-antiquite\/","url":"https:\/\/www.bcd.bzh\/becedia\/bretagne-celtique\/aux-origines-antiquite\/","name":"Aux origines : l\u2019\u00e2ge du Fer - La Bretagne, terre celtique ?","isPartOf":{"@id":"https:\/\/www.bcd.bzh\/becedia\/bretagne-celtique\/#website"},"primaryImageOfPage":{"@id":"https:\/\/www.bcd.bzh\/becedia\/bretagne-celtique\/aux-origines-antiquite\/#primaryimage"},"image":{"@id":"https:\/\/www.bcd.bzh\/becedia\/bretagne-celtique\/aux-origines-antiquite\/#primaryimage"},"thumbnailUrl":"https:\/\/www.bcd.bzh\/becedia\/bretagne-celtique\/wp-content\/uploads\/2022\/04\/evocation_de_la_ferme_du_boisanne-e1649841393247.jpg","datePublished":"2022-04-12T13:23:03+00:00","dateModified":"2022-06-13T08:13:21+00:00","breadcrumb":{"@id":"https:\/\/www.bcd.bzh\/becedia\/bretagne-celtique\/aux-origines-antiquite\/#breadcrumb"},"inLanguage":"fr-FR","potentialAction":[{"@type":"ReadAction","target":["https:\/\/www.bcd.bzh\/becedia\/bretagne-celtique\/aux-origines-antiquite\/"]}]},{"@type":"ImageObject","inLanguage":"fr-FR","@id":"https:\/\/www.bcd.bzh\/becedia\/bretagne-celtique\/aux-origines-antiquite\/#primaryimage","url":"https:\/\/www.bcd.bzh\/becedia\/bretagne-celtique\/wp-content\/uploads\/2022\/04\/evocation_de_la_ferme_du_boisanne-e1649841393247.jpg","contentUrl":"https:\/\/www.bcd.bzh\/becedia\/bretagne-celtique\/wp-content\/uploads\/2022\/04\/evocation_de_la_ferme_du_boisanne-e1649841393247.jpg","width":805,"height":482,"caption":"\u00c9vocation de la ferme du Boisanne \u00e0 Plou\u00ebr-sur-Rance (C\u00f4tes d'Armor) au Ve s. av. J.-C., avec son enclos fun\u00e9raire - Dessin Yves Menez"},{"@type":"BreadcrumbList","@id":"https:\/\/www.bcd.bzh\/becedia\/bretagne-celtique\/aux-origines-antiquite\/#breadcrumb","itemListElement":[{"@type":"ListItem","position":1,"name":"Accueil","item":"https:\/\/www.bcd.bzh\/becedia\/bretagne-celtique\/"},{"@type":"ListItem","position":2,"name":"Aux origines : l\u2019\u00e2ge du Fer"}]},{"@type":"WebSite","@id":"https:\/\/www.bcd.bzh\/becedia\/bretagne-celtique\/#website","url":"https:\/\/www.bcd.bzh\/becedia\/bretagne-celtique\/","name":"La Bretagne, terre celtique ?","description":"Bretagne Culture Diversit\u00e9","publisher":{"@id":"https:\/\/www.bcd.bzh\/becedia\/bretagne-celtique\/#organization"},"potentialAction":[{"@type":"SearchAction","target":{"@type":"EntryPoint","urlTemplate":"https:\/\/www.bcd.bzh\/becedia\/bretagne-celtique\/?s={search_term_string}"},"query-input":{"@type":"PropertyValueSpecification","valueRequired":true,"valueName":"search_term_string"}}],"inLanguage":"fr-FR"},{"@type":"Organization","@id":"https:\/\/www.bcd.bzh\/becedia\/bretagne-celtique\/#organization","name":"Bretagne Culture Diversit\u00e9","url":"https:\/\/www.bcd.bzh\/becedia\/bretagne-celtique\/","logo":{"@type":"ImageObject","inLanguage":"fr-FR","@id":"https:\/\/www.bcd.bzh\/becedia\/bretagne-celtique\/#\/schema\/logo\/image\/","url":"https:\/\/www.bcd.bzh\/becedia\/bretagne-celtique\/wp-content\/uploads\/2022\/06\/Logo_Bretagne_Culture_Diversite.png","contentUrl":"https:\/\/www.bcd.bzh\/becedia\/bretagne-celtique\/wp-content\/uploads\/2022\/06\/Logo_Bretagne_Culture_Diversite.png","width":400,"height":360,"caption":"Bretagne Culture Diversit\u00e9"},"image":{"@id":"https:\/\/www.bcd.bzh\/becedia\/bretagne-celtique\/#\/schema\/logo\/image\/"},"sameAs":["https:\/\/www.facebook.com\/bretagne.culturediversite","https:\/\/x.com\/BCDsevenaduriou"]}]}},"_links":{"self":[{"href":"https:\/\/www.bcd.bzh\/becedia\/bretagne-celtique\/wp-json\/wp\/v2\/pages\/28","targetHints":{"allow":["GET"]}}],"collection":[{"href":"https:\/\/www.bcd.bzh\/becedia\/bretagne-celtique\/wp-json\/wp\/v2\/pages"}],"about":[{"href":"https:\/\/www.bcd.bzh\/becedia\/bretagne-celtique\/wp-json\/wp\/v2\/types\/page"}],"author":[{"embeddable":true,"href":"https:\/\/www.bcd.bzh\/becedia\/bretagne-celtique\/wp-json\/wp\/v2\/users\/1"}],"replies":[{"embeddable":true,"href":"https:\/\/www.bcd.bzh\/becedia\/bretagne-celtique\/wp-json\/wp\/v2\/comments?post=28"}],"version-history":[{"count":33,"href":"https:\/\/www.bcd.bzh\/becedia\/bretagne-celtique\/wp-json\/wp\/v2\/pages\/28\/revisions"}],"predecessor-version":[{"id":707,"href":"https:\/\/www.bcd.bzh\/becedia\/bretagne-celtique\/wp-json\/wp\/v2\/pages\/28\/revisions\/707"}],"wp:featuredmedia":[{"embeddable":true,"href":"https:\/\/www.bcd.bzh\/becedia\/bretagne-celtique\/wp-json\/wp\/v2\/media\/73"}],"wp:attachment":[{"href":"https:\/\/www.bcd.bzh\/becedia\/bretagne-celtique\/wp-json\/wp\/v2\/media?parent=28"}],"curies":[{"name":"wp","href":"https:\/\/api.w.org\/{rel}","templated":true}]}}